are the prime factors of 4199?
13, 17, 19
What are the prime factors of 2113?
2113
What are the prime factors of 997?
997
What are the prime factors of 5769?
3, 641
What are the prime factors of 4147?
11, 13, 29
List the prime factors of 7120.
2, 5, 89
What are the prime factors of 4719?
3, 11, 13
List the prime factors of 27035.
5, 5407
List the prime factors of 168096.
2, 3, 17, 103
What are the prime factors of 199?
199
What are the prime factors of 953?
953
List the prime factors of 26361.
3, 29, 101
List the prime factors of 2115.
3, 5, 47
List the prime factors of 1536.
2, 3
What are the prime factors of 12132?
2, 3, 337
What are the prime factors of 119?
7, 17
List the prime factors of 29324.
2, 7331
What are the prime factors of 67?
67
What are the prime factors of 1155?
3, 5, 7, 11
List the prime factors of 2678.
2, 13, 103
What are the prime factors of 6163?
6163
List the prime factors of 5149.
19, 271
List the prime factors of 13042.
2, 6521
What are the prime factors of 6902?
2, 7, 17, 29
List the prime factors of 50897.
7, 11, 661
What are the prime factors of 190?
2, 5, 19
What are the prime factors of 630?
2, 3, 5, 7
What are the prime factors of 7124?
2, 13, 137
What are the prime factors of 658?
2, 7, 47
List the prime factors of 433.
433
List the prime factors of 6088.
2, 761
What are the prime factors of 141079?
141079
What are the prime factors of 1099?
7, 157
What are the prime factors of 30760?
2, 5, 769
What are the prime factors of 108447?
3, 37, 977
List the prime factors of 1353.
3, 11, 41
What are the prime factors of 5193?
3, 577
What are the prime factors of 6364?
2, 37, 43
List the prime factors of 2580.
2, 3, 5, 43
What are the prime factors of 3528?
2, 3, 7
What are the prime factors of 2057?
11, 17
List the prime factors of 1507.
11, 137
What are the prime factors of 21727?
21727
List the prime factors of 13665.
3, 5, 911
List the prime factors of 31300.
2, 5, 313
What are the prime factors of 188?
2, 47
List the prime factors of 2812.
2, 19, 37
List the prime factors of 7461.
3, 829
List the prime factors of 18072.
2, 3, 251
What are the prime factors of 129714?
2, 3, 13, 1663
List the prime factors of 826.
2, 7, 59
List the prime factors of 35696.
2, 23, 97
What are the prime factors of 33667?
131, 257
What are the prime factors of 1362?
2, 3, 227
List the prime factors of 1585.
5, 317
What are the prime factors of 1088?
2, 17
What are the prime factors of 48255?
3, 5, 3217
What are the prime factors of 4331?
61, 71
What are the prime factors of 63523?
139, 457
List the prime factors of 11213.
11213
What are the prime factors of 37178?
2, 29, 641
What are the prime factors of 195?
3, 5, 13
What are the prime factors of 741?
3, 13, 19
List the prime factors of 485.
5, 97
List the prime factors of 19544.
2, 7, 349
What are the prime factors of 72783?
3, 8087
List the prime factors of 7.
7
List the prime factors of 606.
2, 3, 101
List the prime factors of 222.
2, 3, 37
What are the prime factors of 764?
2, 191
What are the prime factors of 7140?
2, 3, 5, 7, 17
What are the prime factors of 31226?
2, 13, 1201
List the prime factors of 26984.
2, 3373
List the prime factors of 9534.
2, 3, 7, 227
List the prime factors of 1198.
2, 599
List the prime factors of 607.
607
What are the prime factors of 24174?
2, 3, 17, 79
What are the prime factors of 9104?
2, 569
What are the prime factors of 4464?
2, 3, 31
What are the prime factors of 825?
3, 5, 11
What are the prime factors of 954?
2, 3, 53
What are the prime factors of 6776?
2, 7, 11
What are the prime factors of 3225?
3, 5, 43
List the prime factors of 1428.
2, 3, 7, 17
List the prime factors of 827.
827
What are the prime factors of 2205?
3, 5, 7
List the prime factors of 1714.
2, 857
List the prime factors of 21515.
5, 13, 331
List the prime factors of 11437.
11437
What are the prime factors of 379?
379
What are the prime factors of 4013?
4013
List the prime factors of 1334.
2, 23, 29
List the prime factors of 14902.
2, 7451
List the prime factors of 29429.
29429
What are the prime factors of 215?
5, 43
List the prime factors of 13656.
2, 3, 569
What are the prime factors of 573?
3, 191
What are the prime factors of 166007?
109, 1523
List the prime factors of 4018.
2, 7, 41
What are the prime factors of 1157?
13, 89
What are the prime factors of 1252?
2, 313
List the prime factors of 8680.
2, 5, 7, 31
What are the prime factors of 2695?
5, 7, 11
What are the prime factors of 8755?
5, 17, 103
What are the prime factors of 23904?
2, 3, 83
List the prime factors of 60140.
2, 5, 31, 97
What are the prime factors of 473?
11, 43
What are the prime factors of 3191?
3191
What are the prime factors of 12654?
2, 3, 19, 37
List the prime factors of 53061.
3, 23, 769
What are the prime factors of 525?
3, 5, 7
What are the prime factors of 31382?
2, 13, 17, 71
What are the prime factors of 43304?
2, 5413
List the prime factors of 7692.
2, 3, 641
What are the prime factors of 8073?
3, 13, 23
What are the prime factors of 767?
13, 59
List the prime factors of 3618.
2, 3, 67
What are the prime factors of 29516?
2, 47, 157
What are the prime factors of 120793?
199, 607
List the prime factors of 3116.
2, 19, 41
What are the prime factors of 110555?
5, 22111
List the prime factors of 210.
2, 3, 5, 7
What are the prime factors of 8829?
3, 109
What are the prime factors of 11659?
89, 131
What are the prime factors of 2262?
2, 3, 13, 29
What are the prime factors of 39724?
2, 9931
List the prime factors of 18171.
3, 673
List the prime factors of 3418.
2, 1709
List the prime factors of 2574.
2, 3, 11, 13
List the prime factors of 75781.
75781
List the prime factors of 75011.
75011
List the prime factors of 4600.
2, 5, 23
List the prime factors of 220.
2, 5, 11
List the prime factors of 9798.
2, 3, 23, 71
List the prime factors of 478.
2, 239
List the prime factors of 8804.
2, 31, 71
What are the prime factors of 11018?
2, 7, 787
List the prime factors of 573.
3, 191
List the prime factors of 2362.
2, 1181
List the prime factors of 45059.
7, 41, 157
List the prime factors of 1194.
2, 3, 199
List the prime factors of 446.
2, 223
List the prime factors of 5076.
2, 3, 47
List the prime factors of 205.
5, 41
List the prime factors of 347.
347
What are the prime factors of 13570?
2, 5, 23, 59
What are the prime factors of 64389?
3, 13, 127
List the prime factors of 1262.
2, 631
List the prime factors of 613.
613
List the prime factors of 527.
17, 31
List the prime factors of 28581.
3, 7, 1361
List the prime factors of 1819.
17, 107
What are the prime factors of 5383?
7, 769
List the prime factors of 38716.
2, 9679
List the prime factors of 2065.
5, 7, 59
What are the prime factors of 17565?
3, 5, 1171
What are the prime factors of 2577?
3, 859
What are the prime factors of 920?
2, 5, 23
List the prime factors of 28170.
2, 3, 5, 313
What are the prime factors of 84669?
3, 13, 167
List the prime factors of 2615.
5, 523
List the prime factors of 1208.
2, 151
List the prime factors of 1648.
2, 103
List the prime factors of 10955.
5, 7, 313
List the prime factors of 4689.
3, 521
List the prime factors of 2078.
2, 1039
What are the prime factors of 64208?
2, 4013
What are the prime factors of 5528?
2, 691
What are the prime factors of 4747?
47, 101
What are the prime factors of 33197?
89, 373
List the prime factors of 4115.
5, 823
List the prime factors of 116362.
2, 73, 797
List the prime factors of 616.
2, 7, 11
List the prime factors of 850.
2, 5, 17
List the prime factors of 9602.
2, 4801
What are the prime factors of 27447?
3, 7, 1307
What are the prime factors of 1323?
3, 7
List the prime factors of 1454.
2, 727
List the prime factors of 1572.
2, 3, 131
List the prime factors of 150036.
2, 3, 12503
List the prime factors of 4974.
2, 3, 829
What are the prime factors of 27540?
2, 3, 5, 17
List the prime factors of 5268.
2, 3, 439
What are the prime factors of 16835?
5, 7, 13, 37
List the prime factors of 8763.
3, 23, 127
List the prime factors of 17729.
17729
List the prime factors of 121331.
7, 17333
What are the prime factors of 11416?
2, 1427
What are the prime factors of 3988?
2, 997
What are the prime factors of 5061?
3, 7, 241
List the prime factors of 292.
2, 73
What are the prim